 x, 0*p - 10 = -2*p. What is the units digit of h?
3
Suppose -3*a + 16 = 5*q, -q + 5 + 1 = 2*a. Suppose 0 = 5*o - 3*m + 95, -a*m = 2*m. Let h = o + 30. What is the tens digit of h?
1
What is the tens digit of ((-3)/3)/(-3*3/1017)?
1
Let j = -33 + 80. Let y be 4/6*(j - -1). Suppose 0 = -2*l - 4*v + y, -5*l + 12 = -4*v - 82. What is the tens digit of l?
1
Let t = -12 + 17. What is the units digit of t?
5
Suppose 0 = -5*r + 2*r. Let u(t) = -6 + 4*t - 3*t - 4*t + r*t. What is the units digit of u(-7)?
5
Suppose s + 5 = 4*i - 6, 0 = s - i + 5. Let n be 2/s + (-77)/(-3). Suppose 5*p = n + 60. What is the units digit of p?
7
What is the units digit of 104/20 - (-2)/(-10)?
5
Suppose -2*z - 26 = -4*p + 18, 5*p + z = 62. Suppose 5*w + 3*l = -71, l - p = -3*l. What is the units digit of ((-15)/(-2))/((-12)/w)?
0
Suppose 20*g - 1698 = 382. What is the tens digit of g?
0
Let i = -6 - -11. Suppose -4*f + 21 = 3*d, f - 5*d - 8 = 3. Suppose n = f*n - i. What is the units digit of n?
1
Suppose -2*c - 5*l + 77 = 0, -3*c - 2*l - 34 = -4*c. Suppose -c = -0*h - 3*h. Suppose -2*a - 4*n - n + h = 0, 4*a - 3*n = 50. What is the units digit of a?
1
Suppose -3*c + 4*c - 4*s - 2 = 0, 0 = -3*c + 5*s - 1. What is the units digit of 2 + c - 1 - -12?
1
Let r be 6*(7/3 - 1). Let n(z) = -z**3 + 9*z**2 - 2*z - 10. What is the units digit of n(r)?
8
Let b = 17 + 2. Let w = 2 + 1. Suppose 0 = t - w*t + 2, 2*g - b = t. What is the units digit of g?
0
Let k = 1 + 1. Let l(f) = -f**3 - 3*f**2 - 5*f + 1. Let y(r) = -r**2 - r. Let c(n) = l(n) - 5*y(n). What is the units digit of c(k)?
1
Let b(y) = -22*y - 2. Let c be b(-2). Suppose -c = -5*v + 8. Let t = 14 - v. What is the units digit of t?
4
Let d(i) = -2*i. Suppose -x = 3*x + 12. Let z be d(x). What is the units digit of z*(-1 - -4 - 2)?
6
Suppose 4*o + 0*o = 48. Let r = o - 0. What is the tens digit of r?
1
Suppose -4*z + w + 35 = 0, 0*z - 4*z - w = -37. What is the units digit of z?
9
Suppose 3*c + 4*o - 54 = 674, 984 = 4*c + 2*o. What is the units digit of c?
8
Suppose 5 + 1 = 2*c. Suppose c*g = g. Suppose -2*v + 4 + g = 0. What is the units digit of v?
2
Suppose 3*i - 2*a - 37 = 0, 0*i = -4*i + 3*a + 51. Let l(p) = p**2 - 8*p - 1. What is the units digit of l(i)?
8
Let l(f) = -f**3 - 7*f**2 - 10*f - 22. What is the units digit of l(-7)?
8
Suppose 5*i - i - 36 = 0. Suppose 5*m = 2*m + 3*r + i, 3*r = 2*m - 6. Suppose -m*f + 4*f - 2 = 0. What is the units digit of f?
2
Let u = -112 - -227. What is the units digit of u?
5
Suppose 0*m + 4*u - 11 = m, u = 3*m + 11. Let q be m + 1 - (-4)/1. Suppose q*o + 2*o = 28. What is the units digit of o?
7
Let l(r) = r**3 - 2*r**2 - r + 1. Let a be l(3). Suppose -5 = w + a. Let x = -5 - w. What is the units digit of x?
7
What is the tens digit of (1 + 0)/(8/208)?
2
Suppose 0 = 7*o - 4*o + 3*w - 90, 0 = 3*w - 15. What is the tens digit of o?
2
Suppose 2*y - 4*t = 28, 3*y - 3 = -3*t - 6. Suppose 4 = 3*d - p, -2 = -y*d - 0*p + 2*p. What is the units digit of (-46)/(-12) - d/(-18)?
4
Suppose -4*o + 2*p = 150, 3*o + p = -3*p - 96. What is the tens digit of o/21*(-1 + -6)?
1
Let t = 11 - 5. Suppose h - t*h = -55. What is the tens digit of h?
1
Let c(q) = -q + 3. Let f be ((-4)/6 - 1)*3. Let w be c(f). Let l = -5 + w. What is the units digit of l?
3
Let f = -1 - -2. What is the units digit of f?
1
Suppose -z - 4*l = -62, -4*l - 128 - 26 = -3*z. What is the tens digit of z?
5
Let v = 7 - 8. What is the units digit of v/(-2*(-3)/(-42))?
7
Let z be (-4)/18 - (-166)/18. Let h be 2*3/3 - -2. Suppose 25 - z = h*b. What is the units digit of b?
4
Let r(q) = q**3 + 4*q**2 - 5*q + 5. Let k be r(-5). Suppose -m = -k*m + 64. What is the tens digit of m?
1
Let l be ((-1)/3)/((-4)/36). Suppose -4*i + 27 = -5*m - 0*i, -4*m = 5*i - l. Let k = m - -10. What is the units digit of k?
7
Suppose -3*p + 2 = -40. Suppose -2*t - 10 = -i, i + 3*t = 7*t + p. Suppose -3*j - 33 = -i*j. What is the units digit of j?
1
Let j = 65 + -38. What is the units digit of j?
7
Suppose v = -r - 0*r + 20, -3*v = 2*r - 55. What is the tens digit of v?
1
Let l(p) = 4*p**2 - 4*p + 3. What is the tens digit of l(8)?
2
Suppose -26*t = -21*t - 275. What is the units digit of t?
5
Suppose b + 3*m + 15 = -b, -25 = -2*b + 5*m. What is the tens digit of -4 - -27 - (b + 0)?
2
Let r(w) = -2*w - 1. Let y be r(-2). Let k = -3 - y. What is the tens digit of (-10)/3*k/2?
1
Let l(k) = -k**3 - 10*k**2 - 9*k + 6. Let w be l(-9). Suppose -4*h + 43 = 3*m, 3*h + 62 = w*m - m. What is the units digit of m?
3
Let s(p) = p + 3. Let d be s(0). Suppose 5*j + d*t - 281 = -t, -5*j - 2*t = -273. What is the tens digit of j?
5
Let u = 5 + -1. Suppose 8 = -2*g - h, -2*g + 4*h = -8 - u. What is the units digit of (-1)/g*(13 - -1)?
7
Let i = -4 - -10. Let f be (-1)/((-3)/i) - 17. What is the units digit of (5/3)/((-5)/f)?
5
Suppose -5*c - 15 = 0, 5*l + 4*c - 13 = -0*c. Suppose 5*s - 2*m - 61 = 0, l*s - 63 = 2*m - m. What is the units digit of s?
3
Let v = 17 - 5. Let t = v - 5. What is the units digit of t?
7
Let m(c) = -26*c**3 - c**2 - c. What is the units digit of m(-1)?
6
Let p be ((1 - 0) + -2)/1. Let r = p - -3. What is the units digit of r?
2
What is the hundreds digit of (24/(-20))/((-3)/5) + 98?
1
Let b = 23 - 13. What is the tens digit of b?
1
Suppose 0*w + w - y = 16, 3*y = 2*w - 27. What is the tens digit of w?
2
Suppose -2*q = 5*w - 213, 2*q - 256 + 61 = w. What is the units digit of q?
9
Suppose 0*r + 4*r = 16. Let u = 0 - -2. Suppose u*y = 4*s - 6, -y = -s - r*s + 15. What is the units digit of s?
4
Suppose 4*j = 10 - 14. Let x be -4*(6/8)/(-1). Let u = j + x. What is the units digit of u?
2
Let p = 21 - 19. Let o(q) = 11*q + 4. What is the units digit of o(p)?
6
Let h(s) = -s**2 - 2. Let w be h(4). Let c = 6 - w. What is the units digit of c?
4
Suppose 0*z + 2*z + 2*r = 160, 3*z - 240 = 3*r. Suppose b + 40 = l - 3*b, -4*l + z = 4*b. What is the tens digit of l?
2
Suppose 7 + 45 = 4*z. What is the units digit of z?
3
Let s = -4 - -6. Suppose -55 = -4*g + s*y + 3*y, 4*y + 56 = 4*g. What is the tens digit of g?
1
Let p(l) = -5*l - 1. Let g be p(-2). Let m(w) = w - 6. What is the units digit of m(g)?
3
Let y be ((-8)/4 - -2) + -3. Let u = y - -11. What is the units digit of u?
8
Let g(y) = -y**2 - 4. Let h(v) = -3*v**2 - v - 9. Let u(o) = 10*g(o) - 4*h(o). Let m be u(-4). Let s = -4 + m. What is the units digit of s?
8
Suppose -5*k + 8 = -k. Suppose k*z - 30 = -0*z. Suppose o = -2*o + z. What is the units digit of o?
5
Let i(v) = 2*v + 1. Let o(m) = 10*m - 3. Let r be o(2). Suppose 5*d + 2 = r. What is the units digit of i(d)?
7
Let y = 62 + 3. What is the units digit of y?
5
What is the units digit of ((24 - 3) + 1)*1?
2
Suppose 0 = -5*f + 5*q + 485, 2*f - 163 = q + 30. What is the units digit of f?
6
Suppose -2*l + 6 = -0*l. Suppose 2*a - 3*z = 2*z + 44, -52 = -l*a + 4*z. What is the units digit of a?
2
Let h(x) = x + 11. Let t be h(-6). Suppose -t*b + 4 = -1, -5*b = 4*z - 13. What is the units digit of z?
2
Let g(c) = -36*c + 2. What is the units digit of g(-2)?
4
Suppose -4*d + d - 5*a = 5, -3*d + 3 = 3*a. Suppose -88 = d*y - y. What is the units digit of (-3)/(6/y) - 2?
9
Suppose 0 = -0*p - 5*p + 260. What is the units digit of p?
2
Let g(h) = 7*h - 5. Let n(v) = -6*v + 6. Let c(s) = 4*g(s) + 5*n(s). What is the tens digit of c(-6)?
2
Suppose 5*w - 2*g + 0*g - 10 = 0, -5*w + 30 = 2*g. Suppose 2*x - 4*x - 3*z = -31, -w*x = -5*z - 73. What is the units digit of x?
7
Suppose -3*k + 3*f + 55 + 101 = 0, k = -2*f + 43. What is the tens digit of k?
4
Suppose -3*p + 40 = -80. Suppose 4*l = 3*g - 22, 4*l + p = 5*g - l. What is the units digit of g?
0
Let l(n) = n**2 - 3*n - n + 2*n - 3*n + 5. Suppose 0 = -3*v - 2*a + 9 - 0, 0 = -5*v - 3*a + 16. What is the units digit of l(v)?
5
What is the hundreds digit of 2/((-30)/(-635))*3?
1
Let n(i) = -i**2 + 16*i - 11. Let h be n(15). What is the tens digit of ((-38)/4)/((-2)/h)?
1
Let f be (1*-7)/(5/(-45)). Suppose 2*y + 17 = f. What is the tens digit of y?
2
Let n be (-5 + 2)*(-8)/6. Suppose -24 = -4*j + 2*r, -n*r - 4 = 3*j - 0*r. What is the units digit of j?
4
Let k(u) = -5*u**2 + 12*u - 5. Let b(n) = n**2 - n. Let r(t) = -4*b(t) - k(t). What is the tens digit of r(9)?
1
Suppose -3*z = -10*z + 1652. What is the units